[INFO] cloning repository https://github.com/Ted1166/rusty_rust_converter
[INFO] running `Command { std: "git" "-c" "credential.helper=" "-c" "credential.helper=/workspace/cargo-home/bin/git-credential-null" "clone" "--bare" "https://github.com/Ted1166/rusty_rust_converter" "/workspace/cache/git-repos/https%3A%2F%2Fgithub.com%2FTed1166%2Frusty_rust_converter", kill_on_drop: false }`
[INFO] [stderr] Cloning into bare repository '/workspace/cache/git-repos/https%3A%2F%2Fgithub.com%2FTed1166%2Frusty_rust_converter'...
[INFO] running `Command { std: "git" "rev-parse" "HEAD", kill_on_drop: false }`
[INFO] [stdout] 839f1cca9c4d7de4efb11388ac61cae875e53830
[INFO] checking Ted1166/rusty_rust_converter against master#e6e4f7ed1589e03bc2f6c5931c1a72e7947e8682 for beta-170-4
[INFO] running `Command { std: "git" "clone" "/workspace/cache/git-repos/https%3A%2F%2Fgithub.com%2FTed1166%2Frusty_rust_converter" "/workspace/builds/worker-5-tc2/source", kill_on_drop: false }`
[INFO] [stderr] Cloning into '/workspace/builds/worker-5-tc2/source'...
[INFO] [stderr] done.
[INFO] validating manifest of git repo https://github.com/Ted1166/rusty_rust_converter on toolchain e6e4f7ed1589e03bc2f6c5931c1a72e7947e8682
[INFO] running `Command { std: CARGO_HOME="/workspace/cargo-home" RUSTUP_HOME="/workspace/rustup-home" "/workspace/cargo-home/bin/cargo" "+e6e4f7ed1589e03bc2f6c5931c1a72e7947e8682" "metadata" "--manifest-path" "Cargo.toml" "--no-deps", kill_on_drop: false }`
[INFO] started tweaking git repo https://github.com/Ted1166/rusty_rust_converter
[INFO] finished tweaking git repo https://github.com/Ted1166/rusty_rust_converter
[INFO] tweaked toml for git repo https://github.com/Ted1166/rusty_rust_converter written to /workspace/builds/worker-5-tc2/source/Cargo.toml
[INFO] crate git repo https://github.com/Ted1166/rusty_rust_converter already has a lockfile, it will not be regenerated
[INFO] running `Command { std: CARGO_HOME="/workspace/cargo-home" RUSTUP_HOME="/workspace/rustup-home" "/workspace/cargo-home/bin/cargo" "+e6e4f7ed1589e03bc2f6c5931c1a72e7947e8682" "fetch" "--manifest-path" "Cargo.toml", kill_on_drop: false }`
[INFO] running `Command { std: "docker" "create" "-v" "/var/lib/crater-agent-workspace/builds/worker-5-tc2/target:/opt/rustwide/target:rw,Z" "-v" "/var/lib/crater-agent-workspace/builds/worker-5-tc2/source:/opt/rustwide/workdir:ro,Z" "-v" "/var/lib/crater-agent-workspace/cargo-home:/opt/rustwide/cargo-home:ro,Z" "-v" "/var/lib/crater-agent-workspace/rustup-home:/opt/rustwide/rustup-home:ro,Z" "-e" "SOURCE_DIR=/opt/rustwide/workdir" "-e" "CARGO_TARGET_DIR=/opt/rustwide/target" "-e" "CARGO_HOME=/opt/rustwide/cargo-home" "-e" "RUSTUP_HOME=/opt/rustwide/rustup-home" "-w" "/opt/rustwide/workdir" "-m" "1610612736" "--user" "0:0" "--network" "none" "ghcr.io/rust-lang/crates-build-env/linux@sha256:19e73879b68f455e41552ea35293514db52ea292d993f571636dbffedb77a1ee" "/opt/rustwide/cargo-home/bin/cargo" "+e6e4f7ed1589e03bc2f6c5931c1a72e7947e8682" "metadata" "--no-deps" "--format-version=1", kill_on_drop: false }`
[INFO] [stdout] a650bcb3c9d24ef88247ab4f01b6bb080938638a6677bc5c73855d6165708bd9
[INFO] running `Command { std: "docker" "start" "-a" "a650bcb3c9d24ef88247ab4f01b6bb080938638a6677bc5c73855d6165708bd9", kill_on_drop: false }`
[INFO] running `Command { std: "docker" "inspect" "a650bcb3c9d24ef88247ab4f01b6bb080938638a6677bc5c73855d6165708bd9", kill_on_drop: false }`
[INFO] running `Command { std: "docker" "rm" "-f" "a650bcb3c9d24ef88247ab4f01b6bb080938638a6677bc5c73855d6165708bd9", kill_on_drop: false }`
[INFO] [stdout] a650bcb3c9d24ef88247ab4f01b6bb080938638a6677bc5c73855d6165708bd9
[INFO] running `Command { std: "docker" "create" "-v" "/var/lib/crater-agent-workspace/builds/worker-5-tc2/target:/opt/rustwide/target:rw,Z" "-v" "/var/lib/crater-agent-workspace/builds/worker-5-tc2/source:/opt/rustwide/workdir:ro,Z" "-v" "/var/lib/crater-agent-workspace/cargo-home:/opt/rustwide/cargo-home:ro,Z" "-v" "/var/lib/crater-agent-workspace/rustup-home:/opt/rustwide/rustup-home:ro,Z" "-e" "SOURCE_DIR=/opt/rustwide/workdir" "-e" "CARGO_TARGET_DIR=/opt/rustwide/target" "-e" "CARGO_INCREMENTAL=0" "-e" "RUST_BACKTRACE=full" "-e" "RUSTFLAGS=--cap-lints=forbid" "-e" "RUSTDOCFLAGS=--cap-lints=forbid" "-e" "CARGO_HOME=/opt/rustwide/cargo-home" "-e" "RUSTUP_HOME=/opt/rustwide/rustup-home" "-w" "/opt/rustwide/workdir" "-m" "1610612736" "--user" "0:0" "--network" "none" "ghcr.io/rust-lang/crates-build-env/linux@sha256:19e73879b68f455e41552ea35293514db52ea292d993f571636dbffedb77a1ee" "/opt/rustwide/cargo-home/bin/cargo" "+e6e4f7ed1589e03bc2f6c5931c1a72e7947e8682" "check" "--frozen" "--all" "--all-targets" "--message-format=json", kill_on_drop: false }`
[INFO] [stdout] c9b7d8f2eb804cbe48bd94b9f9011c508bf09c1adf08dff8df86bb8dea293373
[INFO] running `Command { std: "docker" "start" "-a" "c9b7d8f2eb804cbe48bd94b9f9011c508bf09c1adf08dff8df86bb8dea293373", kill_on_drop: false }`
[INFO] [stderr]     Checking rusty_rust_currency v0.1.0 (/opt/rustwide/workdir)
[INFO] [stdout] error[E0573]: expected type, found module `self`
[INFO] [stdout]  --> src/Calculator.rs:4:21
[INFO] [stdout]   |
[INFO] [stdout] 4 |     pub fn new() -> self{
[INFO] [stdout]   |                     ^^^^ help: a self type with a similar name exists (notice the capitalization): `Self`
[INFO] [stdout] 
[INFO] [stdout] 
[INFO] [stdout] error[E0574]: expected struct, variant or union type, found module `self`
[INFO] [stdout]  --> src/Calculator.rs:5:9
[INFO] [stdout]   |
[INFO] [stdout] 5 |         self{
[INFO] [stdout]   |         ^^^^ help: a self type with a similar name exists (notice the capitalization): `Self`
[INFO] [stdout] 
[INFO] [stdout] 
[INFO] [stdout] error[E0573]: expected type, found module `self`
[INFO] [stdout]  --> src/Calculator.rs:4:21
[INFO] [stdout]   |
[INFO] [stdout] 4 |     pub fn new() -> self{
[INFO] [stdout]   |                     ^^^^ help: a self type with a similar name exists (notice the capitalization): `Self`
[INFO] [stdout] 
[INFO] [stdout] 
[INFO] [stdout] error[E0574]: expected struct, variant or union type, found module `self`
[INFO] [stdout]  --> src/Calculator.rs:5:9
[INFO] [stdout]   |
[INFO] [stdout] 5 |         self{
[INFO] [stdout]   |         ^^^^ help: a self type with a similar name exists (notice the capitalization): `Self`
[INFO] [stdout] 
[INFO] [stdout] 
[INFO] [stdout] error: aborting due to 2 previous errors
[INFO] [stdout] 
[INFO] [stdout] 
[INFO] [stdout] Some errors have detailed explanations: E0573, E0574.
[INFO] [stdout] 
[INFO] [stdout] For more information about an error, try `rustc --explain E0573`.
[INFO] [stdout] 
[INFO] [stdout] error: aborting due to 2 previous errors
[INFO] [stdout] 
[INFO] [stdout] 
[INFO] [stdout] Some errors have detailed explanations: E0573, E0574.
[INFO] [stdout] 
[INFO] [stdout] For more information about an error, try `rustc --explain E0573`.
[INFO] [stdout] 
[INFO] [stderr] error: could not compile `rusty_rust_currency` (bin "rusty_rust_currency") due to 3 previous errors
[INFO] [stderr] warning: build failed, waiting for other jobs to finish...
[INFO] [stderr] error: could not compile `rusty_rust_currency` (bin "rusty_rust_currency" test) due to 3 previous errors
[INFO] running `Command { std: "docker" "inspect" "c9b7d8f2eb804cbe48bd94b9f9011c508bf09c1adf08dff8df86bb8dea293373", kill_on_drop: false }`
[INFO] running `Command { std: "docker" "rm" "-f" "c9b7d8f2eb804cbe48bd94b9f9011c508bf09c1adf08dff8df86bb8dea293373", kill_on_drop: false }`
[INFO] [stdout] c9b7d8f2eb804cbe48bd94b9f9011c508bf09c1adf08dff8df86bb8dea293373
